{"id":16,"date":"2020-01-17T12:39:36","date_gmt":"2020-01-17T12:39:36","guid":{"rendered":"http:\/\/drop-art-factory.de\/?page_id=16"},"modified":"2022-02-21T19:08:39","modified_gmt":"2022-02-21T19:08:39","slug":"gallery","status":"publish","type":"page","link":"https:\/\/drop-art-factory.de\/?page_id=16","title":{"rendered":"Galerie"},"content":{"rendered":"\n<h2 class=\"has-text-align-center\" id=\"kunst-auch-fur-sie\"> Kunst auch f\u00fcr Sie <\/h2>\n\n\n\n<p class=\"has-text-align-center\"> Ganz gleich ob im eigenen Zuhause, in den B\u00fcro- oder Gesch\u00e4ftsr\u00e4ume &#8211;  gestalten Sie mit den Werken unseres K\u00fcnstlers Ihre R\u00e4umlichkeiten neu  und schenken Sie sich und Ihren G\u00e4sten Inspiration. <\/p>\n\n\n\n<p class=\"has-text-align-center zitat\"> \u00bbSobald wir etwas wahrnehmen, was uns Staunen l\u00e4sst, schalten wir f\u00fcr einen kurzen Moment v\u00f6llig ab und betrachten mit all unseren Sinnen, die uns auf eine Reise mitzunehmen scheinen.\u00ab <\/p>\n\n\n\n<div class=\"is-layout-flex wp-container-2 wp-block-columns\">\n<div class=\"is-layout-flow wp-block-column\">\n<figure class=\"wp-block-image size-full is-style-default\"><img fetchpriority=\"high\" decoding=\"async\" width=\"2560\" height=\"1883\" src=\"https:\/\/drop-art-factory.de\/wp-content\/uploads\/2022\/02\/IMG_1207-1-scaled.jpg\" alt=\"\" class=\"wp-image-574\" srcset=\"https:\/\/drop-art-factory.de\/wp-content\/uploads\/2022\/02\/IMG_1207-1-scaled.jpg 2560w, https:\/\/drop-art-factory.de\/wp-content\/uploads\/2022\/02\/IMG_1207-1-300x221.jpg 300w, https:\/\/drop-art-factory.de\/wp-content\/uploads\/2022\/02\/IMG_1207-1-1024x753.jpg 1024w, https:\/\/drop-art-factory.de\/wp-content\/uploads\/2022\/02\/IMG_1207-1-768x565.jpg 768w, https:\/\/drop-art-factory.de\/wp-content\/uploads\/2022\/02\/IMG_1207-1-1536x1130.jpg 1536w, https:\/\/drop-art-factory.de\/wp-content\/uploads\/2022\/02\/IMG_1207-1-2048x1507.jpg 2048w, https:\/\/drop-art-factory.de\/wp-content\/uploads\/2022\/02\/IMG_1207-1-2000x1471.jpg 2000w\" sizes=\"(max-width: 2560px) 100vw, 2560px\" \/><figcaption><strong>Coming Soon<\/strong><\/figcaption><\/figure>\n<\/div>\n<\/div>\n\n\n\n<p class=\"has-text-align-center\">* Es handelt sich bei allen genannten Preisen um Beispielpreise f\u00fcr die  jeweiligen Unikate. 100% Handmade in Germany. Mit gr\u00fcn markierte Werke  sind noch vorhanden, rot markierte Werke sind vergriffen. Bei Interesse  an einem der Kunstwerke senden Sie uns bitte eine Nachricht per Email  \u00fcber das Kontaktformular.<\/p>\n","protected":false},"excerpt":{"rendered":"<p>Kunst auch f\u00fcr Sie Ganz gleich ob im eigenen Zuhause, in den B\u00fcro- oder Gesch\u00e4ftsr\u00e4ume &#8211; gestalten Sie mit den Werken unseres K\u00fcnstlers Ihre R\u00e4umlichkeiten neu und schenken Sie sich und Ihren G\u00e4sten Inspiration. \u00bbSobald wir etwas wahrnehmen, was uns Staunen l\u00e4sst, schalten wir f\u00fcr einen kurzen Moment v\u00f6llig ab und betrachten mit all unseren &hellip; <\/p>\n<p class=\"link-more\"><a href=\"https:\/\/drop-art-factory.de\/?page_id=16\" class=\"more-link\">Mehr <span class=\"screen-reader-text\">\u00fcber &#8222;Galerie&#8220; <\/span>Lesen<\/a><\/p>\n","protected":false},"author":1,"featured_media":0,"parent":0,"menu_order":0,"comment_status":"closed","ping_status":"closed","template":"","meta":[],"featured_media_urls":[],"_links":{"self":[{"href":"https:\/\/drop-art-factory.de\/index.php?rest_route=\/wp\/v2\/pages\/16"}],"collection":[{"href":"https:\/\/drop-art-factory.de\/index.php?rest_route=\/wp\/v2\/pages"}],"about":[{"href":"https:\/\/drop-art-factory.de\/index.php?rest_route=\/wp\/v2\/types\/page"}],"author":[{"embeddable":true,"href":"https:\/\/drop-art-factory.de\/index.php?rest_route=\/wp\/v2\/users\/1"}],"replies":[{"embeddable":true,"href":"https:\/\/drop-art-factory.de\/index.php?rest_route=%2Fwp%2Fv2%2Fcomments&post=16"}],"version-history":[{"count":80,"href":"https:\/\/drop-art-factory.de\/index.php?rest_route=\/wp\/v2\/pages\/16\/revisions"}],"predecessor-version":[{"id":587,"href":"https:\/\/drop-art-factory.de\/index.php?rest_route=\/wp\/v2\/pages\/16\/revisions\/587"}],"wp:attachment":[{"href":"https:\/\/drop-art-factory.de\/index.php?rest_route=%2Fwp%2Fv2%2Fmedia&parent=16"}],"curies":[{"name":"wp","href":"https:\/\/api.w.org\/{rel}","templated":true}]}}